{"id":40,"date":"2024-06-20T09:54:19","date_gmt":"2024-06-20T07:54:19","guid":{"rendered":"https:\/\/rsacha.eleves.mediamatique.ch\/treycovagnes-toys\/?post_type=product&#038;p=40"},"modified":"2026-03-02T07:16:09","modified_gmt":"2026-03-02T06:16:09","slug":"dinosaure-telecommande-rex-runner","status":"publish","type":"product","link":"https:\/\/rsacha.eleves.mediamatique.ch\/treycovagnes-toys\/produit\/dinosaure-telecommande-rex-runner\/","title":{"rendered":"Dinosaure T\u00e9l\u00e9command\u00e9 \u00ab\u00a0Rex Runner\u00a0\u00bb"},"content":{"rendered":"<p>Domptez le pass\u00e9 pr\u00e9historique avec le Dinosaure T\u00e9l\u00e9command\u00e9 \u00ab\u00a0Rex Runner\u00a0\u00bb! Con\u00e7u pour les enfants de 6 ans et plus, ce dinosaure robotique rugit, marche et r\u00e9agit au toucher. Gr\u00e2ce \u00e0 sa t\u00e9l\u00e9commande facile \u00e0 utiliser, votre enfant peut le faire courir et attaquer sur commande. C&rsquo;est une fa\u00e7on excitante de d\u00e9couvrir le monde des dinosaures tout en s&rsquo;amusant avec la technologie.<\/p>\n","protected":false},"excerpt":{"rendered":"<p>Domptez le pass\u00e9 pr\u00e9historique avec le Dinosaure T\u00e9l\u00e9command\u00e9 \u00ab\u00a0Rex Runner\u00a0\u00bb! Con\u00e7u pour les enfants de 6 ans et plus, ce dinosaure robotique rugit, marche et r\u00e9agit au toucher. Gr\u00e2ce \u00e0 sa t\u00e9l\u00e9commande facile \u00e0 utiliser, votre enfant peut le faire courir et attaquer sur commande. C&rsquo;est une fa\u00e7on excitante de d\u00e9couvrir le monde des dinosaures [&hellip;]<\/p>\n","protected":false},"featured_media":27,"comment_status":"open","ping_status":"closed","template":"","meta":[],"product_cat":[15],"product_tag":[],"class_list":{"0":"post-40","1":"product","2":"type-product","3":"status-publish","4":"has-post-thumbnail","6":"product_cat-non-classe","8":"first","9":"instock","10":"shipping-taxable","11":"purchasable","12":"product-type-variable"},"yoast_head":"<!-- This site is optimized with the Yoast SEO plugin v22.9 - https:\/\/yoast.com\/wordpress\/plugins\/seo\/ -->\n<title>Dinosaure T\u00e9l\u00e9command\u00e9 &quot;Rex Runner&quot; - Treycovagnes Toys<\/title>\n<meta name=\"robots\" content=\"noindex, follow, max-snippet:-1, max-image-preview:large, max-video-preview:-1\" \/>\n<meta property=\"og:locale\" content=\"fr_FR\" \/>\n<meta property=\"og:type\" content=\"article\" \/>\n<meta property=\"og:title\" content=\"Dinosaure T\u00e9l\u00e9command\u00e9 &quot;Rex Runner&quot; - Treycovagnes Toys\" \/>\n<meta property=\"og:description\" content=\"Domptez le pass\u00e9 pr\u00e9historique avec le Dinosaure T\u00e9l\u00e9command\u00e9 \u00ab\u00a0Rex Runner\u00a0\u00bb! Con\u00e7u pour les enfants de 6 ans et plus, ce dinosaure robotique rugit, marche et r\u00e9agit au toucher. Gr\u00e2ce \u00e0 sa t\u00e9l\u00e9commande facile \u00e0 utiliser, votre enfant peut le faire courir et attaquer sur commande. C&rsquo;est une fa\u00e7on excitante de d\u00e9couvrir le monde des dinosaures [&hellip;]\" \/>\n<meta property=\"og:url\" content=\"https:\/\/rsacha.eleves.mediamatique.ch\/treycovagnes-toys\/produit\/dinosaure-telecommande-rex-runner\/\" \/>\n<meta property=\"og:site_name\" content=\"Treycovagnes Toys\" \/>\n<meta property=\"article:publisher\" content=\"https:\/\/facebook.com\/treycovagnes-toys\" \/>\n<meta property=\"article:modified_time\" content=\"2026-03-02T06:16:09+00:00\" \/>\n<meta property=\"og:image\" content=\"https:\/\/rsacha.eleves.mediamatique.ch\/treycovagnes-toys\/wp-content\/uploads\/2024\/06\/sfdjiovruire.webp\" \/>\n\t<meta property=\"og:image:width\" content=\"1024\" \/>\n\t<meta property=\"og:image:height\" content=\"1024\" \/>\n\t<meta property=\"og:image:type\" content=\"image\/webp\" \/>\n<meta name=\"twitter:card\" content=\"summary_large_image\" \/>\n<script type=\"application\/ld+json\" class=\"yoast-schema-graph\">{\"@context\":\"https:\/\/schema.org\",\"@graph\":[{\"@type\":\"WebPage\",\"@id\":\"https:\/\/rsacha.eleves.mediamatique.ch\/treycovagnes-toys\/produit\/dinosaure-telecommande-rex-runner\/\",\"url\":\"https:\/\/rsacha.eleves.mediamatique.ch\/treycovagnes-toys\/produit\/dinosaure-telecommande-rex-runner\/\",\"name\":\"Dinosaure T\u00e9l\u00e9command\u00e9 \\\"Rex Runner\\\" - Treycovagnes Toys\",\"isPartOf\":{\"@id\":\"https:\/\/rsacha.eleves.mediamatique.ch\/treycovagnes-toys\/#website\"},\"primaryImageOfPage\":{\"@id\":\"https:\/\/rsacha.eleves.mediamatique.ch\/treycovagnes-toys\/produit\/dinosaure-telecommande-rex-runner\/#primaryimage\"},\"image\":{\"@id\":\"https:\/\/rsacha.eleves.mediamatique.ch\/treycovagnes-toys\/produit\/dinosaure-telecommande-rex-runner\/#primaryimage\"},\"thumbnailUrl\":\"https:\/\/rsacha.eleves.mediamatique.ch\/treycovagnes-toys\/wp-content\/uploads\/2024\/06\/sfdjiovruire.webp\",\"datePublished\":\"2024-06-20T07:54:19+00:00\",\"dateModified\":\"2026-03-02T06:16:09+00:00\",\"breadcrumb\":{\"@id\":\"https:\/\/rsacha.eleves.mediamatique.ch\/treycovagnes-toys\/produit\/dinosaure-telecommande-rex-runner\/#breadcrumb\"},\"inLanguage\":\"fr-FR\",\"potentialAction\":[{\"@type\":\"ReadAction\",\"target\":[\"https:\/\/rsacha.eleves.mediamatique.ch\/treycovagnes-toys\/produit\/dinosaure-telecommande-rex-runner\/\"]}]},{\"@type\":\"ImageObject\",\"inLanguage\":\"fr-FR\",\"@id\":\"https:\/\/rsacha.eleves.mediamatique.ch\/treycovagnes-toys\/produit\/dinosaure-telecommande-rex-runner\/#primaryimage\",\"url\":\"https:\/\/rsacha.eleves.mediamatique.ch\/treycovagnes-toys\/wp-content\/uploads\/2024\/06\/sfdjiovruire.webp\",\"contentUrl\":\"https:\/\/rsacha.eleves.mediamatique.ch\/treycovagnes-toys\/wp-content\/uploads\/2024\/06\/sfdjiovruire.webp\",\"width\":1024,\"height\":1024},{\"@type\":\"BreadcrumbList\",\"@id\":\"https:\/\/rsacha.eleves.mediamatique.ch\/treycovagnes-toys\/produit\/dinosaure-telecommande-rex-runner\/#breadcrumb\",\"itemListElement\":[{\"@type\":\"ListItem\",\"position\":1,\"name\":\"Accueil\",\"item\":\"https:\/\/rsacha.eleves.mediamatique.ch\/treycovagnes-toys\/\"},{\"@type\":\"ListItem\",\"position\":2,\"name\":\"Produits\",\"item\":\"https:\/\/rsacha.eleves.mediamatique.ch\/treycovagnes-toys\/produits\/\"},{\"@type\":\"ListItem\",\"position\":3,\"name\":\"Dinosaure T\u00e9l\u00e9command\u00e9 \u00ab\u00a0Rex Runner\u00a0\u00bb\"}]},{\"@type\":\"WebSite\",\"@id\":\"https:\/\/rsacha.eleves.mediamatique.ch\/treycovagnes-toys\/#website\",\"url\":\"https:\/\/rsacha.eleves.mediamatique.ch\/treycovagnes-toys\/\",\"name\":\"Treycovagnes Toys\",\"description\":\"\",\"publisher\":{\"@id\":\"https:\/\/rsacha.eleves.mediamatique.ch\/treycovagnes-toys\/#organization\"},\"potentialAction\":[{\"@type\":\"SearchAction\",\"target\":{\"@type\":\"EntryPoint\",\"urlTemplate\":\"https:\/\/rsacha.eleves.mediamatique.ch\/treycovagnes-toys\/?s={search_term_string}\"},\"query-input\":\"required name=search_term_string\"}],\"inLanguage\":\"fr-FR\"},{\"@type\":\"Organization\",\"@id\":\"https:\/\/rsacha.eleves.mediamatique.ch\/treycovagnes-toys\/#organization\",\"name\":\"Treycovagnes Toys\",\"url\":\"https:\/\/rsacha.eleves.mediamatique.ch\/treycovagnes-toys\/\",\"logo\":{\"@type\":\"ImageObject\",\"inLanguage\":\"fr-FR\",\"@id\":\"https:\/\/rsacha.eleves.mediamatique.ch\/treycovagnes-toys\/#\/schema\/logo\/image\/\",\"url\":\"https:\/\/rsacha.eleves.mediamatique.ch\/treycovagnes-toys\/wp-content\/uploads\/2024\/06\/cropped-Plan-de-travail-1-copie-2.png\",\"contentUrl\":\"https:\/\/rsacha.eleves.mediamatique.ch\/treycovagnes-toys\/wp-content\/uploads\/2024\/06\/cropped-Plan-de-travail-1-copie-2.png\",\"width\":512,\"height\":512,\"caption\":\"Treycovagnes Toys\"},\"image\":{\"@id\":\"https:\/\/rsacha.eleves.mediamatique.ch\/treycovagnes-toys\/#\/schema\/logo\/image\/\"},\"sameAs\":[\"https:\/\/facebook.com\/treycovagnes-toys\"]}]}<\/script>\n<!-- \/ Yoast SEO plugin. -->","yoast_head_json":{"title":"Dinosaure T\u00e9l\u00e9command\u00e9 \"Rex Runner\" - Treycovagnes Toys","robots":{"index":"noindex","follow":"follow","max-snippet":"max-snippet:-1","max-image-preview":"max-image-preview:large","max-video-preview":"max-video-preview:-1"},"og_locale":"fr_FR","og_type":"article","og_title":"Dinosaure T\u00e9l\u00e9command\u00e9 \"Rex Runner\" - Treycovagnes Toys","og_description":"Domptez le pass\u00e9 pr\u00e9historique avec le Dinosaure T\u00e9l\u00e9command\u00e9 \u00ab\u00a0Rex Runner\u00a0\u00bb! Con\u00e7u pour les enfants de 6 ans et plus, ce dinosaure robotique rugit, marche et r\u00e9agit au toucher. Gr\u00e2ce \u00e0 sa t\u00e9l\u00e9commande facile \u00e0 utiliser, votre enfant peut le faire courir et attaquer sur commande. C&rsquo;est une fa\u00e7on excitante de d\u00e9couvrir le monde des dinosaures [&hellip;]","og_url":"https:\/\/rsacha.eleves.mediamatique.ch\/treycovagnes-toys\/produit\/dinosaure-telecommande-rex-runner\/","og_site_name":"Treycovagnes Toys","article_publisher":"https:\/\/facebook.com\/treycovagnes-toys","article_modified_time":"2026-03-02T06:16:09+00:00","og_image":[{"width":1024,"height":1024,"url":"https:\/\/rsacha.eleves.mediamatique.ch\/treycovagnes-toys\/wp-content\/uploads\/2024\/06\/sfdjiovruire.webp","type":"image\/webp"}],"twitter_card":"summary_large_image","schema":{"@context":"https:\/\/schema.org","@graph":[{"@type":"WebPage","@id":"https:\/\/rsacha.eleves.mediamatique.ch\/treycovagnes-toys\/produit\/dinosaure-telecommande-rex-runner\/","url":"https:\/\/rsacha.eleves.mediamatique.ch\/treycovagnes-toys\/produit\/dinosaure-telecommande-rex-runner\/","name":"Dinosaure T\u00e9l\u00e9command\u00e9 \"Rex Runner\" - Treycovagnes Toys","isPartOf":{"@id":"https:\/\/rsacha.eleves.mediamatique.ch\/treycovagnes-toys\/#website"},"primaryImageOfPage":{"@id":"https:\/\/rsacha.eleves.mediamatique.ch\/treycovagnes-toys\/produit\/dinosaure-telecommande-rex-runner\/#primaryimage"},"image":{"@id":"https:\/\/rsacha.eleves.mediamatique.ch\/treycovagnes-toys\/produit\/dinosaure-telecommande-rex-runner\/#primaryimage"},"thumbnailUrl":"https:\/\/rsacha.eleves.mediamatique.ch\/treycovagnes-toys\/wp-content\/uploads\/2024\/06\/sfdjiovruire.webp","datePublished":"2024-06-20T07:54:19+00:00","dateModified":"2026-03-02T06:16:09+00:00","breadcrumb":{"@id":"https:\/\/rsacha.eleves.mediamatique.ch\/treycovagnes-toys\/produit\/dinosaure-telecommande-rex-runner\/#breadcrumb"},"inLanguage":"fr-FR","potentialAction":[{"@type":"ReadAction","target":["https:\/\/rsacha.eleves.mediamatique.ch\/treycovagnes-toys\/produit\/dinosaure-telecommande-rex-runner\/"]}]},{"@type":"ImageObject","inLanguage":"fr-FR","@id":"https:\/\/rsacha.eleves.mediamatique.ch\/treycovagnes-toys\/produit\/dinosaure-telecommande-rex-runner\/#primaryimage","url":"https:\/\/rsacha.eleves.mediamatique.ch\/treycovagnes-toys\/wp-content\/uploads\/2024\/06\/sfdjiovruire.webp","contentUrl":"https:\/\/rsacha.eleves.mediamatique.ch\/treycovagnes-toys\/wp-content\/uploads\/2024\/06\/sfdjiovruire.webp","width":1024,"height":1024},{"@type":"BreadcrumbList","@id":"https:\/\/rsacha.eleves.mediamatique.ch\/treycovagnes-toys\/produit\/dinosaure-telecommande-rex-runner\/#breadcrumb","itemListElement":[{"@type":"ListItem","position":1,"name":"Accueil","item":"https:\/\/rsacha.eleves.mediamatique.ch\/treycovagnes-toys\/"},{"@type":"ListItem","position":2,"name":"Produits","item":"https:\/\/rsacha.eleves.mediamatique.ch\/treycovagnes-toys\/produits\/"},{"@type":"ListItem","position":3,"name":"Dinosaure T\u00e9l\u00e9command\u00e9 \u00ab\u00a0Rex Runner\u00a0\u00bb"}]},{"@type":"WebSite","@id":"https:\/\/rsacha.eleves.mediamatique.ch\/treycovagnes-toys\/#website","url":"https:\/\/rsacha.eleves.mediamatique.ch\/treycovagnes-toys\/","name":"Treycovagnes Toys","description":"","publisher":{"@id":"https:\/\/rsacha.eleves.mediamatique.ch\/treycovagnes-toys\/#organization"},"potentialAction":[{"@type":"SearchAction","target":{"@type":"EntryPoint","urlTemplate":"https:\/\/rsacha.eleves.mediamatique.ch\/treycovagnes-toys\/?s={search_term_string}"},"query-input":"required name=search_term_string"}],"inLanguage":"fr-FR"},{"@type":"Organization","@id":"https:\/\/rsacha.eleves.mediamatique.ch\/treycovagnes-toys\/#organization","name":"Treycovagnes Toys","url":"https:\/\/rsacha.eleves.mediamatique.ch\/treycovagnes-toys\/","logo":{"@type":"ImageObject","inLanguage":"fr-FR","@id":"https:\/\/rsacha.eleves.mediamatique.ch\/treycovagnes-toys\/#\/schema\/logo\/image\/","url":"https:\/\/rsacha.eleves.mediamatique.ch\/treycovagnes-toys\/wp-content\/uploads\/2024\/06\/cropped-Plan-de-travail-1-copie-2.png","contentUrl":"https:\/\/rsacha.eleves.mediamatique.ch\/treycovagnes-toys\/wp-content\/uploads\/2024\/06\/cropped-Plan-de-travail-1-copie-2.png","width":512,"height":512,"caption":"Treycovagnes Toys"},"image":{"@id":"https:\/\/rsacha.eleves.mediamatique.ch\/treycovagnes-toys\/#\/schema\/logo\/image\/"},"sameAs":["https:\/\/facebook.com\/treycovagnes-toys"]}]}},"_links":{"self":[{"href":"https:\/\/rsacha.eleves.mediamatique.ch\/treycovagnes-toys\/wp-json\/wp\/v2\/product\/40","targetHints":{"allow":["GET"]}}],"collection":[{"href":"https:\/\/rsacha.eleves.mediamatique.ch\/treycovagnes-toys\/wp-json\/wp\/v2\/product"}],"about":[{"href":"https:\/\/rsacha.eleves.mediamatique.ch\/treycovagnes-toys\/wp-json\/wp\/v2\/types\/product"}],"replies":[{"embeddable":true,"href":"https:\/\/rsacha.eleves.mediamatique.ch\/treycovagnes-toys\/wp-json\/wp\/v2\/comments?post=40"}],"wp:featuredmedia":[{"embeddable":true,"href":"https:\/\/rsacha.eleves.mediamatique.ch\/treycovagnes-toys\/wp-json\/wp\/v2\/media\/27"}],"wp:attachment":[{"href":"https:\/\/rsacha.eleves.mediamatique.ch\/treycovagnes-toys\/wp-json\/wp\/v2\/media?parent=40"}],"wp:term":[{"taxonomy":"product_cat","embeddable":true,"href":"https:\/\/rsacha.eleves.mediamatique.ch\/treycovagnes-toys\/wp-json\/wp\/v2\/product_cat?post=40"},{"taxonomy":"product_tag","embeddable":true,"href":"https:\/\/rsacha.eleves.mediamatique.ch\/treycovagnes-toys\/wp-json\/wp\/v2\/product_tag?post=40"}],"curies":[{"name":"wp","href":"https:\/\/api.w.org\/{rel}","templated":true}]}}